37 a multiple of 47?
True
Is 38665277 a multiple of 1403?
True
Is 22 a factor of 43107504?
True
Is 170185400 a multiple of 700?
True
Is 7 a factor of 1187752881?
True
Does 658 divide 17579128?
True
Does 15 divide 2258572545?
True
Is 990 a factor of 35083837?
False
Does 16 divide 91677536?
True
Does 4027 divide 477553876?
True
Does 7 divide 20598731?
False
Is 8 a factor of 562098164?
False
Is 22 a factor of 162103000?
False
Is 881872124 a multiple of 22?
False
Is 34931380 a multiple of 88?
False
Is 8623 a factor of 933134453?
False
Is 558387843 a multiple of 36?
False
Does 237 divide 19526058?
False
Is 30 a factor of 2151883?
False
Does 298 divide 113311222?
True
Does 1045 divide 36199262?
False
Is 17344 a factor of 2121686247?
False
Does 176 divide 138733232?
True
Is 25 a factor of 4716686187?
False
Does 49 divide 589005431?
True
Does 24 divide 283931371?
False
Does 271 divide 75461034?
True
Is 7323161688 a multiple of 458?
True
Is 25131710 a multiple of 73?
True
Is 88927608 a multiple of 616?
True
Is 17846080 a multiple of 448?
True
Does 82 divide 1245776792?
False
Does 614 divide 1230281480?
False
Is 4217209 a multiple of 678?
False
Does 40 divide 1635749640?
True
Is 43874983 a multiple of 7?
False
Does 10370 divide 366683200?
True
Is 44289728 a multiple of 3136?
True
Is 13 a factor of 390608660?
True
Is 3 a factor of 18945593?
False
Is 123 a factor of 80105595?
True
Is 12 a factor of 41146721?
False
Is 307707420 a multiple of 136?
False
Is 122648808 a multiple of 71?
True
Is 26451385 a multiple of 6?
False
Is 2 a factor of 92805001?
False
Is 228 a factor of 50591554?
False
Is 153954383 a multiple of 8?
False
Does 8 divide 12842705?
False
Does 87 divide 3707244?
True
Is 4 a factor of 11916851?
False
Is 1655986320 a multiple of 5790?
True
Does 18 divide 116556278?
False
Is 3132192 a multiple of 112?
True
Does 103 divide 1452555593?
False
Is 748470061 a multiple of 23?
False
Is 2 a factor of 59018284?
True
Is 11 a factor of 43464770?
False
Is 9 a factor of 5479036?
False
Does 813 divide 58293117?
False
Is 15208752 a multiple of 624?
True
Is 631 a factor of 16395273?
True
Does 229 divide 18070161?
True
Is 16581720 a multiple of 8?
True
Is 3702 a factor of 44255959?
False
Is 59104697 a multiple of 29?
True
Is 429881421 a multiple of 3999?
False
Is 433934664 a multiple of 358?
True
Does 450 divide 43956450?
True
Is 2993 a factor of 463287321?
False
Is 7 a factor of 132162975?
True
Is 45 a factor of 109181610?
True
Is 119549670 a multiple of 33?
False
Does 3 divide 99853869?
True
Is 8 a factor of 50090625?
False
Does 580 divide 15776000?
True
Is 72 a factor of 38146214?
False
Does 129 divide 582376047?
True
Is 1331571 a multiple of 16?
False
Does 374 divide 221643994?
True
Is 866 a factor of 168241741?
False
Does 3 divide 47886119?
False
Is 38209893 a multiple of 57?
True
Does 59 divide 517947961?
True
Does 623 divide 90157103?
False
Is 1850 a factor of 194662283?
False
Is 517963068 a multiple of 115?
False
Is 110974605 a multiple of 42?
False
Does 2759 divide 241431406?
False
Is 316 a factor of 30261694?
False
Is 11839952 a multiple of 50?
False
Is 67776137 a multiple of 18?
False
Is 1171633152 a multiple of 128?
True
Is 1287485760 a multiple of 15?
True
Is 3141 a factor of 1234808077?
False
Is 192228386 a multiple of 53?
False
Is 12876893 a multiple of 97?
False
Is 23371972 a multiple of 73?
True
Is 2202454044 a multiple of 378?
True
Is 102105550 a multiple of 1767?
False
Is 44 a factor of 26909488?
False
Is 176080245 a multiple of 33?
True
Is 234956459 a multiple of 330?
False
Does 62 divide 255554700?
True
Is 1194 a factor of 42588821?
False
Is 8926656 a multiple of 24?
True
Is 2306 a factor of 1539529489?
False
Does 95 divide 103175320?
True
Is 11 a factor of 56069585?
True
Does 2650 divide 62007442?
False
Is 4596880134 a multiple of 8043?
True
Is 193821617 a multiple of 11?
True
Is 2442386101 a multiple of 1558?
False
Does 173 divide 12934338?
False
Does 24 divide 25989912?
True
Is 173 a factor of 12131798?
True
Is 354077309 a multiple of 2509?
False
Is 19894014 a multiple of 112?
False
Does 434 divide 47075112?
True
Does 42 divide 4090359?
False
Does 568 divide 7880563?
False
Does 2930 divide 7776220?
True
Does 109 divide 1890046702?
True
Is 1278270317 a multiple of 19?
False
Is 1441815 a multiple of 375?
False
Does 16 divide 1177058710?
False
Is 212 a factor of 238076?
True
Is 1775106 even?
True
Is 43 a factor of 1294801595?
True
Is 45 a factor of 1049568975?
True
Does 11 divide 445687378?
False
Is 3643535 a multiple of 95?
True
Is 9 a factor of 21001076?
False
Does 629 divide 181319714?
False
Does 40 divide 112019234?
False
Is 42372627 a multiple of 363?
True
Does 31 divide 606407325?
False
Is 426957360 a multiple of 1090?
True
Is 56 a factor of 1170456570?
False
Is 18 a factor of 270134982?
True
Is 59 a factor of 63450116?
False
Does 147 divide 26628415?
False
Does 28 divide 696156972?
True
Is 126 a factor of 22165219?
False
Is 137354573 a multiple of 71?
False
Does 90 divide 1989011520?
True
Is 70048349 a multiple of 2?
False
Does 21 divide 4604468?
False
Is 81 a factor of 94544043?
False
Is 424 a factor of 17331423?
False
Is 3913630 a multiple of 490?
True
Is 366929479 a multiple of 119?
True
Is 84417059 a multiple of 3514?
False
Is 190622742 a multiple of 3219?
True
Is 13 a factor of 48556053?
True
Is 14879298 a multiple of 2954?
True
Is 1667466 a multiple of 657?
True
Does 58 divide 605839406?
True
Is 42 a factor of 508951030?
False
Is 13 a factor of 137466107?
False
Does 13 divide 312456879?
False
Is 3090156 a multiple of 12?
True
Is 8 a factor of 23389801?
False
Is 3309751838 a multiple of 6242?
True
Is 679 a factor of 352641684?
False
Does 448 divide 10141824?
True
Does 7797 divide 1132077618?
True
Is 349049 a multiple of 2?
False
Does 267 divide 396393609?
False
Does 45 divide 255390120?
True
Is 15 a factor of 190441430?
False
Is 19 a factor of 17329957?
True
Does 1625 divide 23948634?
False
Is 723865092 a multiple of 84?
False
Does 18 divide 754750008?
True
Does 17 divide 68462995?
True
Is 87775722 a multiple of 223?
False
Does 135 divide 11288295?
True
Is 46919808 a multiple of 1248?
True
Is 88826647 a multiple of 1584?
False
Is 9 a factor of 8796828?
False
Is 1119350 a multiple of 122?
True
Does 272 divide 60843408?
True
Does 179 divide 239093701?
True
Is 29 a factor of 249148048?
True
Is 77 a factor of 3047630?
False
Does 58 divide 12700724?
True
Is 11604660 a multiple of 269?
True
Does 8969 divide 1650000023?
True
Does 69 divide 98817253?
False
Is 2601560 a multiple of 40?
True
Does 16 divide 353851157?
False
Does 9 divide 4785023?
False
Is 284 a factor of 24735213?
False
Does 390 divide 10781146?
False
Is 861 a factor of 441673197?
True
Does 71 divide 382869294?
False
Is 4805118 a multiple of 123?
True
Does 11 divide 1758748522?
False
Is 70167027 a multiple of 21?
True
Is 1693 a factor of 32624110?
True
Is 106 a factor of 121683230?
True
Does 14 divide 37860781?
False
Is 607308 a multiple of 26?
True
Is 160 a factor of 1822307687?
False
Is 557 a factor of 39815474?
True
Is 24 a factor of 115142242?
False
Is 8 a factor of 24126312?
True
Does 19 divide 8820910?
False
Does 18 divide 93264822?
True
Does 1130 divide 8986890?
True
Does 29 divide 388612930?
False
Does 382 divide 87478084?
False
Is 259 a factor of 782165496?
True
Is 337 a factor of 144921458?
True
Is 423 a factor of 14619355?
False
Does 208 divide 34854772?
False
Is 18306260 a multiple of 28?
True
Is 283474011 a multiple of 1619?
False
Does 2666 divide 13423111?
False
Is 23 a factor of 15227173?
True
Does 1208 divide 19155256?
True
Does 55 divide 1072435?
False
Is 98420544 a multiple of 709?
True
Is 1458 a factor of 243636174?
True
Is 147 a factor of 6743299?
False
Is 591 a factor of 126681470?
False
Is 43 a factor of 82180697?
True
Does 6190 divide 2152733440?
True
Does 747 divide 926280?
True
Is 3 a factor of 84952652?
False
Is 72 a factor of 11765664?
True
Does 16 divide 72039249?
False
Is 41 a factor of 14249058?
True
Is 2 a factor of 15940217?
False
Is 44 a factor of 1525106132?
True
Does 70 divide 412876450?
True
Is 13 a factor of 3202524?
True
Is 484765813 a multiple of 1667?
False
Is 4840845 a multiple of 826?
False
Does 2633 divide 1466013668?
False
I